7
List the prime factors of 380555262.
2, 3, 131, 199, 811
List the prime factors of 272523033.
3, 30280337
What are the prime factors of 68906862?
2, 3, 31, 13721
List the prime factors of 20822099.
71, 293269
What are the prime factors of 43477861?
7, 53, 117191
What are the prime factors of 13107673?
1933, 6781
What are the prime factors of 70008630?
2, 3, 5, 2333621
What are the prime factors of 4297398849?
3, 477488761
What are the prime factors of 27793063?
27793063
What are the prime factors of 1439404604?
2, 11, 863, 37907
What are the prime factors of 8998342666?
2, 1163, 3868591
List the prime factors of 3855546397.
41, 97, 969461
What are the prime factors of 27548912?
2, 1721807
What are the prime factors of 652661772?
2, 3, 7, 158567
What are the prime factors of 95849359?
2663, 35993
What are the prime factors of 43314946?
2, 17, 19, 3529
What are the prime factors of 323330941?
23, 14057867
List the prime factors of 98676264.
2, 3, 277, 14843
What are the prime factors of 74178544?
2, 11, 421469
List the prime factors of 1271716136.
2, 181, 347, 2531
What are the prime factors of 17099223?
3, 5699741
What are the prime factors of 355367082?
2, 3, 7, 17, 127, 3919
What are the prime factors of 119018720?
2, 5, 71, 10477
What are the prime factors of 4015084223?
4015084223
What are the prime factors of 14571025?
5, 7, 53, 1571
List the prime factors of 454324461.
3, 107, 1415341
List the prime factors of 4239950696.
2, 529993837
List the prime factors of 62757368.
2, 7844671
List the prime factors of 915574590.
2, 3, 5, 7, 113, 1429
What are the prime factors of 1975054801?
43, 45931507
What are the prime factors of 241383574?
2, 23, 5247469
List the prime factors of 198444456.
2, 3, 7, 393739
List the prime factors of 1499424552.
2, 3, 20825341
List the prime factors of 649708555.
5, 129941711
What are the prime factors of 8696623223?
31, 280536233
List the prime factors of 156847192.
2, 89, 220291
List the prime factors of 80329942.
2, 7, 11, 29, 17987
List the prime factors of 66943117.
67, 73, 13687
List the prime factors of 4292834715.
3, 5, 13, 73, 100523
What are the prime factors of 301616330?
2, 5, 61, 383, 1291
List the prime factors of 853477488.
2, 3, 5926927
What are the prime factors of 2129790598?
2, 13, 19, 4311317
What are the prime factors of 199136894?
2, 11, 2053, 4409
What are the prime factors of 92728836?
2, 3, 2575801
What are the prime factors of 68599168?
2, 11, 83, 587
List the prime factors of 1529136630.
2, 3, 5, 7, 59, 653
What are the prime factors of 133664671?
7, 71, 131, 2053
List the prime factors of 8401769.
8401769
List the prime factors of 295073910.
2, 3, 5, 3278599
List the prime factors of 203133344.
2, 1567, 4051
What are the prime factors of 128541065?
5, 199, 129187
List the prime factors of 16146387.
3, 397, 4519
What are the prime factors of 37915899?
3, 7, 17, 106207
List the prime factors of 6124406187.
3, 107, 19079147
List the prime factors of 639239380.
2, 5, 13, 37, 66449
What are the prime factors of 35473711?
7, 13, 457, 853
What are the prime factors of 2477793205?
5, 29, 59, 4909
List the prime factors of 815293851.
3, 283, 960299
List the prime factors of 34370076.
2, 3, 13, 53, 4157
List the prime factors of 1643017748.
2, 410754437
What are the prime factors of 1145403233?
13, 88107941
List the prime factors of 4999791.
3, 1666597
What are the prime factors of 247751373?
3, 82583791
What are the prime factors of 115192676?
2, 47, 612727
List the prime factors of 136236956.
2, 34059239
What are the prime factors of 4421448063?
3, 79, 151, 41183
List the prime factors of 120946569.
3, 40315523
What are the prime factors of 275733066?
2, 3, 7, 1471, 4463
List the prime factors of 387022727.
7, 13, 191, 3181
What are the prime factors of 177244237?
43, 4121959
List the prime factors of 207826183.
23, 9035921
What are the prime factors of 694976264?
2, 83, 349, 2999
What are the prime factors of 1137741225?
3, 5, 1481, 10243
List the prime factors of 7438656948.
2, 3, 29, 541, 39511
List the prime factors of 61352680.
2, 5, 1533817
What are the prime factors of 419632427?
227, 257, 7193
List the prime factors of 8439564.
2, 3, 7, 31, 463
What are the prime factors of 55132356?
2, 3, 739, 6217
List the prime factors of 663514407.
3, 373, 197651
List the prime factors of 1305630919.
83, 15730493
List the prime factors of 58663093.
37, 1585489
List the prime factors of 1169757842.
2, 11, 1601, 33211
What are the prime factors of 3211348776?
2, 3, 31, 4316329
List the prime factors of 1847395011.
3, 7, 11, 1142483
What are the prime factors of 166229334?
2, 3, 29, 41, 863
What are the prime factors of 659119212?
2, 3, 18308867
What are the prime factors of 1090738140?
2, 3, 5, 29, 626861
What are the prime factors of 43302977?
43302977
What are the prime factors of 4977659291?
11, 109, 811, 5119
What are the prime factors of 1247247193?
613, 2034661
What are the prime factors of 19470598?
2, 7, 1390757
What are the prime factors of 600955112?
2, 75119389
List the prime factors of 31158395.
5, 6231679
List the prime factors of 192530366.
2, 7, 13752169
List the prime factors of 217133469.
3, 7, 17, 29, 6991
List the prime factors of 111919512.
2, 3, 73, 127, 503
What are the prime factors of 489936003?
3, 491, 332611
List the prime factors of 233897507.
433, 540179
List the prime factors of 1435797507.
3, 53, 73, 123701
What are the prime factors of 423623025?
3, 5, 7, 277, 971
List the prime factors of 953029815.
3, 5, 63535321
What are the prime factors of 65384076?
2, 3, 5448673
What are the prime factors of 2429470983?
3, 3533, 229217
What are the prime factors of 27401908?
2, 6850477
What are the prime factors of 85086837?
3, 11, 7103
What are the prime factors of 19305237?
3, 7, 43, 21379
List the prime factors of 2713120.
2, 5, 31, 547
List the prime factors of 3432451433.
3432451433
What are the prime factors of 3688415743?
31, 1877, 63389
List the prime factors of 226205947.
11, 20564177
List the prime factors of 100799986.
2, 7, 181, 39779
What are the prime factors of 51355580?
2, 5, 2567779
List the prime factors of 76774468.
2, 41, 468137
What are the prime factors of 2090713332?
2, 3, 101, 1725011
What are the prime factors of 499351672?
2, 109, 572651
What are the prime factors of 1066076794?
2, 31, 17194787
List the prime factors of 138213.
3, 5119
List the prime factors of 70638770.
2, 5, 19, 31, 67, 179
What are the prime factors of 131049349?
131049349
List the prime factors of 56441659.
56441659
List the prime factors of 47817830.
2, 5, 4781783
What are the prime factors of 367531909?
929, 395621
What are the prime factors of 402148993?
402148993
List the prime factors of 168490552.
2, 97, 179, 1213
What are the prime factors of 73000528?
2, 23, 163, 1217
What are the prime factors of 3034936154?
2, 1517468077
What are the prime factors of 1326951816?
2, 3, 541, 102199
List the prime factors of 753169.
421, 1789
What are the prime factors of 34704913?
43, 61, 101, 131
What are the prime factors of 909048118?
2, 11, 41320369
What are the prime factors of 35155729?
7, 83, 60509
List the prime factors of 2080254016.
2, 32503969
List the prime factors of 605089033.
605089033
What are the prime factors of 116522062?
2, 137, 199, 2137
What are the prime factors of 354568357?
11, 13, 53, 4253
What are the prime factors of 2245286823?
3, 13, 107, 538051
List the prime factors of 191242369.
6779, 28211
List the prime factors of 46048998.
2, 3, 199, 38567
List the prime factors of 2838363.
3, 11, 86011
What are the prime factors of 247953737?
247953737
What are the prime factors of 122284011?
3, 40761337
What are the prime factors of 99872327?
99872327
List the prime factors of 211876147.
7, 4324003
What are the prime factors of 522176345?
5, 47, 577, 3851
List the prime factors of 167669134.
2, 3823, 21929
What are the prime factors of 2398968367?
19, 126261493
What are the prime factors of 52959577?
11, 41, 117427
What are the prime factors of 65515970?
2, 5, 13, 503969
What are the prime factors of 801490222?
2, 13, 41, 751867
What are the prime factors of 44039106?
2, 3, 815539
What are the prime factors of 129071582?
2, 17, 3796223
What are the prime factors of 5